{"id":1852,"date":"2010-01-07T13:57:39","date_gmt":"2010-01-07T20:57:39","guid":{"rendered":"http:\/\/www.turansa.com\/blog\/?page_id=1852"},"modified":"2012-11-05T13:17:49","modified_gmt":"2012-11-05T20:17:49","slug":"fiesta-latina","status":"publish","type":"page","link":"https:\/\/www.turansa.com\/blog\/viajes-europa\/paquetes-a-europa\/fiesta-latina\/","title":{"rendered":"Fiesta Latina"},"content":{"rendered":"<h2>Paquete Fiesta Latina<\/h2>\n<blockquote><p>14 d\u00edas \u00f3 16 d\u00edas Desde\u00a0 1.250 \u20ac<br \/>\nLisboa, Sevilla, Granada, Madrid, San Sebastian, Burdeos, Par\u00eds, Londres<\/p><\/blockquote>\n<p>D\u00eda 1\u00ba (S\u00e1bado) AMERICA<br \/>\nSalida en vuelo intercontinental con destino a Lisboa<\/p>\n<p>Dia 2\u00ba ( Domingo) LISBOA<br \/>\nLlegada t y traslado al Hotel. Dia libre para recorrer la ciudad y pasear por sus avenidas. Alojamiento.<\/p>\n<p>D\u00eda 3\u00ba (Lunes) LISBOA<br \/>\nDesayuno Buffet. Por la ma\u00f1ana visita de la bella ciudad de Lisboa junto a desembocadura del r\u00edo Tajo. Recorreremos sus principales avenidas y monumentos como la Torre de Belem y el Monasterio de los Jer\u00f3nimos. Tarde libre en la que sugerimos hacer una visita a las cercanas poblaciones de Sintra y Cascaes, con sus villas y palacios. Alojamiento (Visita Incluida en el Paquete Plus P+). Esta noche tendremos ocasi\u00f3n de escuchar los bellos Fados portugueses mientras disfrutamos de una sabrosa cena (Cena y espect\u00e1culo de Fados incluido en el Paquete Plus\u00a0 P+)<\/p>\n<p>D\u00eda 4\u00ba (Martes) LISBOA \/ MERIDA \/ SEVILLA (648 Kms)<br \/>\nDesayuno Buffet. Salida hacia la frontera espa\u00f1ola deteni\u00e9ndonos en M\u00e9rida (Almuerzo incluido en el Paquete Plus P+) Visita del Teatro y Anfiteatro Romanos. Continuaci\u00f3n a Sevilla donde llegaremos a \u00faltima hora de la tarde. Alojamiento.<\/p>\n<p>D\u00eda 5\u00ba (Mi\u00e9rcoles) SEVILLA<br \/>\nDesayuno Buffet. Salida para efectuar la visita de la ciudad y sus principales monumentos, como la Torre del Oro, el Parque de Maria Luisa, La Maestranza, la Catedral culminada por La Giralda, y el Barrio de Santa Cruz. (Almuerzo incluido en el Paquete Plus P+) Tarde libre para pasear por esta bella ciudad andaluza. Alojamiento. A \u00faltima hora de la tarde podremos asistir al espect\u00e1culo de un t\u00edpico Tablao Flamenco, y\u00a0 degustar un buen vino andaluz. (Espect\u00e1culo Flamenco Incluido en\u00a0 el Paquete Plus P+).<\/p>\n<p>D\u00eda 6\u00ba (Jueves) SEVILLA \/ CORDOBA \/ GRANADA (306 Kms)<br \/>\nDesayuno Buffet. Salida hacia C\u00f3rdoba donde visitaremos su famosa Mezquita. Tiempo libre para el almuerzo. Salida hacia Granada.\u00a0 (Cena incluida en el Paquete Plus P+) Esta noche sugerimos hacer una visita al t\u00edpico barrio del Albaic\u00edn y vivir el ambiente de la tierra andaluza, su m\u00fasica y sus buenos vinos. (Visita al Albaicin Incluida en el Paquete Plus\u00a0 P+).<\/p>\n<p>D\u00eda 7\u00ba (Viernes) GRANADA \/ MADRID\u00a0 (450Kms)<br \/>\nDesayuno Buffet y salida para hacer la visita de la ciudad y la fabulosa Alhambra y los jardines del Generalife. Despu\u00e9s de la visita salida en autob\u00fas hacia Madrid. Llegada y alojamiento en el Hotel.<\/p>\n<p>D\u00eda 8 \u00ba (S\u00e1bado)\u00a0\u00a0 MADRID<br \/>\nDesayuno Bufet. D\u00eda libre A ultima hora de la tarde\u00a0 haremos\u00a0 un recorrido por el Madrid iluminado terminando en la Plaza Mayor, donde podremos degustar las sabrosas Tapas en uno de los m\u00faltiples mesones que all\u00ed se encuentran. (Cena de Tapas\u00a0 Incluida en P+). Alojamiento.<\/p>\n<p>D\u00eda 9\u00ba (Domingo)\u00a0 MADRID<br \/>\nDesayuno Buffet. Por la ma\u00f1ana visita de la ciudad recorriendo la Castellana, Gran V\u00eda, Cibeles y Neptuno, Puerta de Alcal\u00e1, Las Cortes,\u00a0 la Puerta del Sol, Plaza Mayor y Plaza de Oriente, y el Madrid moderno. Tarde Libre en el que sugerimos hacer una excursi\u00f3n a la ciudad imperial de Toledo, para admirar su Catedral, pasear por sus calles que nos transportan a la edad media, y extasiarnos delante de las pinturas del Greco.\u00a0 (Almuerzo Tipico y Visita a Toledo incluida en el paquete Plus P+) Alojamiento..<\/p>\n<p>D\u00eda 10\u00ba (Lunes) MADRID \/ SAN SEBASTIAN \/ BURDEOS<br \/>\nDesayuno Buffet y salda hacia San Sebastian, \u201cla bella Easo\u201d. Tiempo libre para pasear por el paseo de la Concha y continuacion hacia Francia. Llegada a Burdeos. Alojamiento.<\/p>\n<p>D\u00eda 11\u00ba (Martes)\u00a0 BURDEOS \/ TOURS \/ PARIS<br \/>\nDesayuno Buffet y salida hacia la region de los Castillos del Loire. Parada en Tours y continuacion a Paris. A \u00faltima hora de la tarde salida para hacer\u00a0 un\u00a0 recorrido por el Paris iluminado, y\u00a0\u00a0 realizar\u00a0 un bello paseo en barco por El Sena a bordo de los populares\u00a0 \u201cbateaux mouche\u201d (Paseo en Bateaux Mouche incluido en el Paquete Plus P+)\u00a0 Alojamiento.<\/p>\n<p>D\u00eda 12\u00ba (Miercoles) PARIS<br \/>\nDesayuno Buffet en el Hotel. Salida para efectuar el recorrido de la ciudad, sus principales avenidas y monumentos como son :la isla de la Cit\u00e9, Notre Dame, el Arco de Triunfo, los Campos El\u00edseos, los Inv\u00e1lidos, la Opera y la Torre Eiffel, teniendo la oportunidad de subir a la misma para admirar desde all\u00ed una bella panor\u00e1mica de todo Par\u00eds. (Subida a la Torre Eiffel 2\u00ba Piso incluida en el Paquete Plus P+)\u00a0 Nuestra visita terminar\u00e1 en el barrio latino donde tendremos la opci\u00f3n de degustar el almuerzo en un t\u00edpico Bistrot. (Almuerzo incluido en el Paquete Plus P+) . Por la tarde sugerimos hacer una visita opcional a Versalles para poder visitar su bello Palacio y famosos jardines. Alojamiento.<\/p>\n<p>D\u00eda 13\u00ba (Jueves) PARIS<br \/>\nDesayuno Buffet en el Hotel. Destinaremos este d\u00eda a pasear libremente por la ciudad, sus paseos y bulevares, y quiz\u00e1 acercarnos\u00a0 al museo del Louvre para poder conocer su gran colecci\u00f3n de arte\u00a0 y terminar asistiendo al espect\u00e1culo del\u00a0 Molino\u00a0 Rojo o el\u00a0 Lido . Alojamiento.<\/p>\n<p>D\u00eda 14\u00ba (Viernes) PARIS \/ LONDRES en TREN EUROSTAR<br \/>\nDesayuno Bufet y traslado a la estacion para tomar el tren EUROSTAR que nos conducira a Londres por el Tunel bajo el Canal de la Mancha. Llegada a la Capital londinense y tiempo libre para pasear por la ciudad y acercarnos a su bullicioso centro. Alojamiento<\/p>\n<p>Dia 15\u00ba (Sabado) LONDRES<br \/>\nDesayuno Bufet en el Hotel y salida para hacer la visita de la ciudad recorriendo sus principales avenidas y monumentos Piccadilly Circus, Oxford Street, Trafalgar Square, Abad\u00eda de Westminster y terminado frente al Palacio de Buckinghan para asistir al cambio de guardia si\u00a0 as\u00ed esta previsto.Tarde\u00a0 libre. Alojamiento.<\/p>\n<p>Para los pasajeros terminando su tour en Paris: Desayuno Bufet y tiempo libre hasta la hora prevcista para su traslado al Aeropuerto.<\/p>\n<p>D\u00eda 16\u00ba (Domingo)\u00a0 LONDRES<br \/>\nDesayuno Bufet en el Hotel. Traslado al Aeropuerto para tomar el\u00a0 vuelo de regreso.<\/p>\n<p><strong>Para m\u00e1s informaci\u00f3n:<\/strong><\/p>\n<ul>\n<li>Turansa Eskala Roosevelt PBX: 2390-5757. (Abierto S\u00e1bados, Domingos y d\u00edas h\u00e1biles hasta 8:00 pm)<\/li>\n<li>Turansa Aguilar Batres 2476-0447<\/li>\n<li>Turansa Geminis 10 Zona Viva 23382361-74-98-99<\/li>\n<li>Antigua Guatemala 56512289<\/li>\n<\/ul>\n","protected":false},"excerpt":{"rendered":"<p>Paquete Fiesta Latina 14 d\u00edas \u00f3 16 d\u00edas Desde\u00a0 1.250 \u20ac Lisboa, Sevilla, Granada, Madrid, San Sebastian, Burdeos, Par\u00eds, Londres D\u00eda 1\u00ba (S\u00e1bado) AMERICA Salida en vuelo intercontinental con destino a Lisboa Dia 2\u00ba ( Domingo) LISBOA Llegada t y traslado al Hotel. Dia libre para recorrer la ciudad y pasear por sus avenidas. Alojamiento. [&hellip;]<\/p>\n","protected":false},"author":1,"featured_media":0,"parent":1869,"menu_order":0,"comment_status":"closed","ping_status":"closed","template":"","meta":{"_genesis_hide_title":false,"_genesis_hide_breadcrumbs":false,"_genesis_hide_singular_image":false,"_genesis_hide_footer_widgets":false,"_genesis_custom_body_class":"","_genesis_custom_post_class":"","_genesis_layout":"","footnotes":""},"class_list":{"0":"post-1852","1":"page","2":"type-page","3":"status-publish","5":"entry"},"_links":{"self":[{"href":"https:\/\/www.turansa.com\/blog\/wp-json\/wp\/v2\/pages\/1852","targetHints":{"allow":["GET"]}}],"collection":[{"href":"https:\/\/www.turansa.com\/blog\/wp-json\/wp\/v2\/pages"}],"about":[{"href":"https:\/\/www.turansa.com\/blog\/wp-json\/wp\/v2\/types\/page"}],"author":[{"embeddable":true,"href":"https:\/\/www.turansa.com\/blog\/wp-json\/wp\/v2\/users\/1"}],"replies":[{"embeddable":true,"href":"https:\/\/www.turansa.com\/blog\/wp-json\/wp\/v2\/comments?post=1852"}],"version-history":[{"count":8,"href":"https:\/\/www.turansa.com\/blog\/wp-json\/wp\/v2\/pages\/1852\/revisions"}],"predecessor-version":[{"id":1972,"href":"https:\/\/www.turansa.com\/blog\/wp-json\/wp\/v2\/pages\/1852\/revisions\/1972"}],"up":[{"embeddable":true,"href":"https:\/\/www.turansa.com\/blog\/wp-json\/wp\/v2\/pages\/1869"}],"wp:attachment":[{"href":"https:\/\/www.turansa.com\/blog\/wp-json\/wp\/v2\/media?parent=1852"}],"curies":[{"name":"wp","href":"https:\/\/api.w.org\/{rel}","templated":true}]}}